 4323 = i. What is the hundreds digit of q?
9
Let v(n) = n - 49*n**2 + n**3 + 50*n**2 + 2 - 2. Let r be v(-1). What is the tens digit of r/12*2 + (-1533)/(-18)?
8
Suppose 27*b - 21*b = 24. Suppose 3*h = 4*v + 521, 5*h - 4*v = b*h + 179. What is the hundreds digit of h?
1
Let b(u) = -3*u + 58. Let s be b(19). What is the hundreds digit of s/10 - (-11099)/110?
1
Suppose -13*t = -25345 - 168797. What is the units digit of t?
4
Suppose 2*p = i - 3619, -3*i + 33*p + 10845 = 30*p. What is the units digit of i?
1
Let m(h) = 649*h**2 + 105*h + 13. What is the units digit of m(-6)?
7
Let a = -43 - -43. Suppose a = 3*q - 0*q - 9. Suppose -2*u + 93 = q. What is the units digit of u?
5
Suppose -14*p = -7*p - 14. What is the units digit of 3/p - 116/(-16)*74?
8
Let n be 1/(4/33)*(-8)/2. Let c be ((-4)/6)/(n/(-9) - 3). What is the tens digit of 120 + ((-10)/(-15))/(c/3)?
1
Suppose 17*a = 3*a - 21336. What is the hundreds digit of (18/24)/((-3)/a - 0)?
3
Let m(p) = -p**3 - 89*p**2 - 91*p + 115. Let x(q) = -q**3 - 133*q**2 - 136*q + 173. Let w(i) = 7*m(i) - 5*x(i). What is the thousands digit of w(20)?
1
Let q be (26 - 21)/(2/(-6)). Let g(p) = p**2 + 15*p - 2. Let n be g(q). What is the hundreds digit of n + (-16)/(-6) - 1220/(-6)?
2
Suppose -11 = 7*y - 32. Suppose y*h + 38 = 5*p, -p + 12 = 2*p. What is the units digit of (-60)/(-8)*16*(-8)/h?
0
Let a(w) = 3279*w**3 - 9*w**2 + 18*w + 9. What is the units digit of a(2)?
1
Let k = 49 + -43. What is the units digit of 4 + 18/k*174?
6
Suppose 4*n - 32*z - 8 = -30*z, -5*n = 5*z - 40. Suppose -n*p = -5*k - 120, -k = 5*p - 6*k - 150. What is the units digit of p?
0
Let b be (2 + -3)*2 - -4. Let v(n) = -38*n - 110. Let k be v(-3). Suppose -5*h = -5, -b*j - 153 = -k*j + 3*h. What is the units digit of j?
8
Let l(t) = 2*t**3 + 81*t**2 + 64*t - 75. What is the hundreds digit of l(-18)?
3
What is the thousands digit of 345/((-6)/(-14) - (-9 + (-1314)/(-140)))?
8
Let m = -9 - -13. Let l = 826 - 828. What is the units digit of 1/m + ((-3135)/(-20) - l)?
9
Let v be (-2575)/(-10)*32/40. What is the tens digit of -8 + 4 + 9 + v*3?
2
Suppose 0 = i - 11 + 6. Suppose -574 = -i*w + 1326. Suppose w = -4*s + 1300. What is the tens digit of s?
3
Let s = -580 + 586. Let i(b) = 92*b + 45. What is the hundreds digit of i(s)?
5
Let j(k) = -66*k**3 + k**2 + 19*k - 8. What is the hundreds digit of j(-6)?
1
What is the hundreds digit of -4*(6936/(-16) + 14)?
6
Let j = 143 - -18. Suppose -j = -r + 53. Let l = -147 + r. What is the units digit of l?
7
Suppose -2*x = 2*v - 1274, 238*x = -3*v + 236*x + 1911. What is the hundreds digit of v?
6
Let g(c) = -64*c + 13. Let r = 138 + -142. What is the units digit of g(r)?
9
Let o = -25576 - -41416. What is the hundreds digit of o?
8
Let b(d) = 425*d - 4. Let h be b(-1). Let r = h + 789. Suppose -2*l + r = 8*l. What is the units digit of l?
6
Let f = -80352 + 140675. What is the units digit of f?
3
Let v(t) = t**2 - 128*t + 3003. What is the tens digit of v(0)?
0
Suppose -2*i + 3*x + 58925 = 0, 42*i - x - 88405 = 39*i. What is the thousands digit of i?
9
Suppose 62*o = 46*o + 715408. Suppose -25*b - 3938 = -o. What is the tens digit of b?
3
Let d(b) = 441*b**2 - 23*b - 289. What is the thousands digit of d(-7)?
1
Let h = -39 - -5. Let x = 1 - h. What is the units digit of (-507)/(-7) + (-15)/x?
2
Suppose 0 = -v - 5*h + 17, v - 2*h = -0*v - 4. Let k(c) = 7*c**3 + 7*c**2 - 4*c - 1. What is the units digit of k(v)?
5
What is the thousands digit of (1032/16 + -5)*56?
3
Suppose 0 = -f - f. Let d = f - 78. What is the hundreds digit of (-2)/(-13) + (-10518)/d?
1
Let s(r) = 4*r**3 - 5*r**2 - 85*r + 73. What is the tens digit of s(13)?
1
Let o = -97482 + 153090. What is the thousands digit of o?
5
Let k = -50 - -54. What is the tens digit of (-12)/8*(k + 498/(-9))?
7
Let j(b) be the first derivative of -151*b**4/4 + 2*b**2 + 10*b + 150. What is the tens digit of j(-2)?
1
What is the units digit of (-11 - (54/(-3) - -9)) + 41771?
9
Suppose 5 = 5*o, 0*r = 5*r + o - 61. Suppose 5*k + 4*i - 6 = -54, 0 = 4*i - r. What is the units digit of 1/4 - 237/k?
0
Let d = 107083 - 69794. What is the tens digit of d?
8
Let a(r) = 2*r**3 - 12*r**2 + 10*r + 4. Let q be a(5). Suppose -5*v = i - 787, -q*i + 7*i + 2*v - 2426 = 0. What is the hundreds digit of i?
8
Suppose 0 = -6*n + 7*n + 63. Let w = -59 - n. Suppose -3*i + 231 = 2*r, 3*r - 222 = -3*i + w*r. What is the units digit of i?
5
Suppose -2*c = -8, 11 = -4*m - 5*c - 1. Let f be (m - -4 - -4)/(-2*1). Suppose 2*i = -4*x + 130, f = -4*i - 6*x + x + 245. What is the tens digit of i?
5
Let q(c) = -c**2 + 22*c - 24. Let g be q(15). Let f = 95 - g. What is the tens digit of (-30)/4*-30 + (f - 17)?
2
Let v(p) = -511*p + 1667. What is the thousands digit of v(-26)?
4
Let a = -3859 + 37019. What is the tens digit of a?
6
Let f = 12570 - 1241. What is the thousands digit of f?
1
Let y(g) = -g**3 + 5*g**2 + 2*g - 9. Let f be y(5). What is the hundreds digit of (f + 566/(-10))/(3/(-30))?
5
Let m be ((0/8)/(-6))/2. What is the hundreds digit of (m + 2)*9444/24?
7
Let l(k) = 32*k**2 - 5*k + 15. Let s(w) = 9*w - 168. Let y be s(18). What is the tens digit of l(y)?
9
Let x(o) = -164*o**3 + 3*o**2 - 60*o - 203. What is the thousands digit of x(-4)?
0
Let d = 2720 - 1569. Suppose -577 = -3*g + d. Suppose 0 = 10*o - g - 314. What is the tens digit of o?
8
Let w(c) = c**2 + c - 1. Let j(y) = -9*y**2 + 20*y + 11. Let m(v) = -j(v) - 2*w(v). Let d(g) be the first derivative of m(g). What is the units digit of d(5)?
8
Let s = -4871 + 6619. What is the units digit of s?
8
Suppose 5*u = 2*a - 9404, -56*u - 4681 = -a - 57*u. What is the units digit of a?
7
Suppose -3*a - c = c - 23835, a - 5*c = 7945. What is the thousands digit of a?
7
Let l = 748 - -59. Let c = l - -14. What is the hundreds digit of c?
8
Let d = 7867 - -10682. What is the thousands digit of d?
8
Let u = -5657 + 7408. What is the hundreds digit of u?
7
Let m(p) = 4*p + 16. Let o be m(-4). Suppose -15*v + 4*v - 550 = o. What is the units digit of (-28)/(-6)*(-10)/(v/15)?
4
Let h(d) = 1971*d**2 - 280*d + 1118. What is the tens digit of h(4)?
3
Suppose -4*v + 39*v = 0. Let h(b) = -b**2 + 9*b + 396. What is the tens digit of h(v)?
9
What is the thousands digit of (-1 - (-8)/6)/((100/(-118056))/(-25))?
9
Let g(b) be the third derivative of -b**5/60 + 37*b**4/12 - 19*b**3/6 - 38*b**2. What is the units digit of g(25)?
6
Suppose -14*h = 5*h - 95. Suppose 1446 = h*k + 81. What is the hundreds digit of k?
2
Suppose -3224170 = -113*d + 994798. What is the tens digit of d?
3
Let g be (2/(-5))/((-23)/49680). Let p = g - 173. What is the tens digit of p?
9
Suppose -3*c = -2*x + 19, -3*x + 3*c + c = -26. Suppose 3*z = -3*f + 249, 0 = -22*f + 25*f + x*z - 244. What is the units digit of f?
8
Let c be (699/(-6))/(((-5)/2)/5). Suppose -4 = d, 3*j + 4*d = 73 - c. Let f = j + 81. What is the tens digit of f?
3
What is the thousands digit of 21/(-6)*(-4077720)/1645?
8
Let k = -782 + 784. Suppose k*a - 1335 = 1287. What is the tens digit of a?
1
Let c(v) = 7*v + 225 - 84 - 10*v + 24*v. What is the hundreds digit of c(23)?
6
Let p(k) = -15*k + 35. Let w be p(2). Suppose -2*t - w*c = -1468, 8*c - 4*c + 16 = 0. What is the tens digit of t?
4
What is the tens digit of 3 + (32930/6 - 48/(-72))?
9
Let c = 76 - 32. Let v = -35 + c. What is the units digit of (v + -29 + 1/(-2))*-2?
1
Let m be (-2 - (-163)/2)/((-168)/(-50848)). Suppose -3974 = 31*y - m. What is the units digit of y?
8
Suppose -3*d + 13 = -5*f + 4*f, 0 = -4*f - d + 13. Suppose 3 = y + t - 3*t, 0 = -f*t + 4. What is the hundreds digit of ((-158)/y)/(5/(-35))?
1
What is the hundreds digit of ((-16145)/(-6))/((-14)/(-228) + (-12)/(-114))?
1
Let y be (2*3/3)/(-2) + -2. Let n be (-2)/((-4)/(-3))*8/y. Suppose -5*w + 4*b = -2*w - 681, n*w - 908 = -5*b. What is the units digit of w?
7
Let z = -74 + 90. Let j = -20 + z. Let c(t) = 11*t**2 + 6*t + 9. What is the hundreds digit of c(j)?
1
Suppose a - 38380 = -o, -6*a + 4*a + 76751 = 5*o. What is the tens digit of a?
8
Let k(y) = -4*y**3 + 6*y**2 - 24*y - 278. What is the units digit of k(-10)?
2
Let c be (-8)/20 + 254/10. Suppose -z + 40 + c = 0. Suppose 79 = 3*a - z. What is the tens digit of a?
4
Let a = -584 - -822. Suppose -16*j + a = -14*j. W